2 + 0 + 1). Suppose -2*d + 311 + 185 = -2*z, -3*d + 739 = -2*z. Suppose -d + 963 = 16*q. What is the highest common divisor of q and r?
5
Let k = 18397 + -12821. Suppose 3631 = 33*i - k. Let a = -13 - -44. Calculate the greatest common factor of a and i.
31
Let y(z) = -z**3 - 2*z**2 + 2*z - 36. Let j be y(-7). Suppose -5*h + 5*g = -j, -46 = -4*h - 5*g + 110. Calculate the greatest common factor of 169 and h.
13
Let t be (1 - -9)*68/10 - 5. Suppose -c + 2*i + 254 = 3*c, -i = -5*c + 322. Let w = c - 44. Calculate the greatest common factor of t and w.
21
Let t(q) = 2*q**3 - 6*q**2 - q + 5. Let r be t(3). Let d(m) = -m**3 + 8*m**2 - 6*m - 13. Let u be d(6). Calculate the greatest common divisor of r and u.
1
Let j(l) = l. Let m(z) = 15*z - 10. Let c(h) = 18*j(h) - 2*m(h). Let v be c(0). What is the highest common divisor of v and 100?
20
Suppose 3*g + 105 - 111 = 0. Let j be g/4*(33 - 19). Calculate the highest common factor of j and 35.
7
Suppose -8*s = -365 + 5. Let g = -40 + s. Suppose -3*t + 54 = -g*k, 4*k = -0*k. What is the greatest common divisor of 198 and t?
18
Let k be (-3)/6 - (-5)/2. Let a = -123 - -125. Suppose 0*p - 2*p = a, 0 = 3*x - 3*p - 12. Calculate the greatest common factor of x and k.
1
Suppose q - 240 = -w, -96*w + 97*w - 1176 = -5*q. Calculate the highest common divisor of q and 648.
18
Let q(x) = x**3 + 10*x**2 - 29*x + 3. Let s = 59 + -71. Let w be q(s). What is the greatest common divisor of w and 14?
7
Suppose -3*g - 4*p + 1948 = 0, -p - 3483 = -5*g - 221. What is the highest common factor of 3749 and g?
163
Let b = 1555 - 1545. Let i(l) = -3 + 4 + 0 + 3*l**2 + 14*l. Let j be i(b). Calculate the highest common divisor of 63 and j.
63
Let s(a) = a**3 - 45*a**2 - 101*a + 373. Let f be s(47). What is the highest common divisor of 3564 and f?
44
Let h be 727 - (15 - 14) - -12. What is the greatest common factor of h and 21?
3
Suppose 3*b = 3*o + 7*b - 447, -149 = -o + 3*b. Let d = 370 - o. Calculate the greatest common factor of 34 and d.
17
Let t = 164 - 425. Let y = t + 288. Suppose 0 = 4*g + 4*c - 40, 5*c + 35 = 5*g - 5. What is the highest common divisor of g and y?
9
Let f = 9291 - 9180. What is the greatest common divisor of 1961 and f?
37
Let r(m) = -m**2 + 4*m + 6. Let j be r(5). Let o be 16/(-32)*(j + -3). Let n be (0 - o)*2/(-2). Calculate the greatest common factor of n and 11.
1
Let j = 39566 - 37419. What is the highest common divisor of j and 565?
113
Let m(k) be the first derivative of 3*k**4/4 + k**2 - 16*k + 160. Let j be m(5). What is the greatest common factor of j and 9?
9
Let b be 20/2*10/25. Suppose 0 = -11*u + 12*u - 1. Calculate the greatest common factor of b and u.
1
Suppose 4*i + 7*z - 1056 = 0, -212*i + 528 = -210*i - 5*z. Calculate the highest common divisor of i and 552.
24
Let v be (14 - 6) + (-5 - 5922/(-3)) + 3. Calculate the greatest common factor of 840 and v.
60
Suppose -3*x - 4*o + 25 = 0, -2*x + o - 18 + 20 = 0. Suppose 1375 = c + 4*c - x*v, 3*c + v = 825. Calculate the highest common divisor of 11 and c.
11
Let n be (-28 - 31/(-1))*(-2 + (-55)/(-3)). What is the greatest common factor of n and 11907?
49
Let u(x) = x**3 + 21*x**2 - 33*x - 91. Let l be u(-21). Let a = -548 + l. Calculate the highest common factor of a and 864.
54
Suppose -118*m + 114*m = -32. Suppose -m*g + 248 = -3*g - 2*r, 2*g - 100 = r. What is the greatest common factor of g and 80?
16
Let d = 216 - 188. Let y be 153 + (-30)/6 + (-24)/(-4). Calculate the highest common factor of d and y.
14
Suppose -n + h + 44 = -2*h, 4*n = -3*h + 131. Let y = n + -80. Let k = y + 60. What is the greatest common factor of 165 and k?
15
Suppose -2*v + 4*u - 1638 = 0, 31*u - 36*u + 4090 = -5*v. Let f = 1033 - v. What is the greatest common divisor of f and 50?
50
Suppose -2050224 = -451*q - 255*q. Calculate the greatest common divisor of 228 and q.
12
Let p be (0 - (-4 - -59))*(-15 + -7)*1. What is the greatest common divisor of p and 1100?
110
Let u(v) = 158*v - 11506. Let d be u(112). What is the highest common divisor of 30 and d?
10
Let i be (-4)/(-6) - 131/3. Let c = i - -45. Suppose -13*m = -12*m - 15. Calculate the greatest common factor of m and c.
1
Let r = 3 - 21. Let i be -1 - (0 + 0) - r. Let c = -2594 - -2628. What is the greatest common factor of i and c?
17
Let j = 954 - 202. What is the highest common divisor of j and 5734?
94
Let q(w) = w**3 + 6*w**2 + 7*w + 4. Let i be q(-4). Suppose -6*s + 357 = -3*s. Let n = s + -55. What is the highest common factor of i and n?
8
Suppose 5*c - 7*c + 2*a + 9242 = 0, 4*c = 5*a + 18488. Calculate the highest common divisor of c and 342.
171
Let v be (-2482)/(-1022)*(6 + 1). What is the highest common divisor of 4097 and v?
17
Suppose 1234 + 108 + 1018 = 59*m. Calculate the highest common divisor of m and 5980.
20
Suppose 21*k - 7682 = -2*k. Let p = k - -34. Calculate the highest common divisor of 16 and p.
16
Let i(d) = d**3 + 4*d**2 - 4*d - 13. Let u be i(-4). Suppose -k + 16 + 10 = 2*p, u*p + 2*k - 39 = 0. What is the highest common divisor of 104 and p?
13
Suppose 0 = 3*l + 5*k - 49, l - 3*k - 23 = 2*k. Let t = 104 - 87. Let v be 0 + 203 - (8 - t - -14). Calculate the highest common divisor of v and l.
18
Suppose 22*m - 175 = 221. Let u be (5 - -1)/((-2)/(-14)). Suppose -v = m - u. What is the greatest common divisor of 36 and v?
12
Let k = 28592 - 28514. What is the greatest common factor of 540 and k?
6
Suppose 4*w = -3*y + 18, y - 5*w = -y - 11. Suppose 4*g - y*g = 48. Suppose -6*q + 468 = 14*q - 12. Calculate the greatest common factor of q and g.
24
Suppose 5*j + 0*j + 20 = 0, 8 = -2*m - 3*j. Let d = m - -7. Suppose -k + 249 = 5*h - 242, 5*k = 4*h - 416. What is the greatest common divisor of h and d?
9
Let m(t) = -2*t**3 + 11*t**2 + 29*t + 21. Let r be m(-5). Let g = -241 + r. What is the greatest common factor of 10 and g?
10
Suppose 0 = -4*g - 0*i - i + 1, 0 = -3*g + 5*i + 18. Let x = 51 - 38. Calculate the highest common divisor of g and x.
1
Suppose 36 + 16 = 3*a + 5*k, 4*a = -2*k + 46. Let i = -22 - -25. Suppose -9 = -f + i. What is the greatest common factor of f and a?
3
Let k(x) = 9316*x + 13957. Let f be k(10). Calculate the greatest common factor of f and 17.
17
Let z = 118 + -118. Suppose 39*x - 44*x - m + 350 = 0, z = 4*x - 4*m - 280. Calculate the greatest common factor of 98 and x.
14
Let i = -3082 + 3206. What is the greatest common factor of 6882 and i?
62
Let v(j) = 13*j**3 - 5*j**2 - j + 10. Suppose -14 = -3*a + 4*m, -4*a + 2 = -22*m + 25*m. Let p be v(a). What is the greatest common factor of 322 and p?
46
Let l = 3 + -2. Suppose -36*n + 335 + 817 = 0. Let z be (n/(-20) - -2)*(21 - l). What is the highest common factor of z and 32?
8
Suppose -39*a + 122024 = -31*a - 2*m, 3*a - 45774 = -3*m. What is the highest common factor of 1315 and a?
263
Let a(u) = u**3 - 19*u**2 - u + 22. Suppose 9*w - 4*w - 95 = 0. Let d be a(w). Let j be -2 - -9 - (-3)/((-9)/d). What is the greatest common factor of j and 24?
6
Let s = -14097 - -14334. What is the highest common divisor of 2291 and s?
79
Let z be (46/(-69))/((-3)/3978). Let y be 434/8 - (-13)/z*-17. Calculate the highest common divisor of y and 414.
18
Let z be (-17)/((-1105)/(-364))*-80. Calculate the highest common divisor of z and 64.
64
Let w = 88 - 85. Let s(m) = 7*m**3 + 0*m**w - m + 4 + 10 - 5*m**3. Let a be s(0). What is the greatest common divisor of a and 70?
14
Suppose -12*a - 29 - 19 = 0. Let d be 90/a*36/(-30). Calculate the greatest common factor of d and 333.
9
Let f be (22 - (-6 - -12)) + 16. Calculate the greatest common divisor of f and 316.
4
Suppose 884 = 3*u + o, 3*u - 4*u - o = -296. What is the highest common divisor of u and 46158?
294
Suppose 1014 = 66*z - 63*z. Let s = 976 - z. What is the highest common divisor of 58 and s?
58
Suppose -23*c + 89*c = 16744 + 245210. What is the greatest common factor of c and 162?
81
Let x be ((-4)/(-9))/(((-1260)/1458)/(-35)). Calculate the greatest common divisor of 8226 and x.
18
Let s be (1 + 30/12)/((-3)/(-24)). Let i be 12/(-16) + 1/(-4) + -170. Let w be i/(-2) + (-3)/2. What is the highest common factor of s and w?
28
Let r = -26 - -156. Let t be ((4 + (-294)/56)*-4)/(5/20). What is the highest common factor of t and r?
10
Suppose 220 = 2*h + 2